 prime number?
False
Is 180371 a prime number?
True
Is 8887 composite?
False
Is 19563 a composite number?
True
Is 5155 a composite number?
True
Is 161771 a composite number?
False
Is 2631 a prime number?
False
Is 627709 prime?
True
Is 35753 a prime number?
True
Is 2410067 a composite number?
True
Is 68827 a composite number?
True
Is 16001 a prime number?
True
Is 150151 prime?
True
Is 44861 composite?
True
Is 6371 a composite number?
True
Is 18771 a prime number?
False
Is 4645 a composite number?
True
Is 28239 prime?
False
Is 37 a prime number?
True
Is 21623 composite?
True
Is 43379 composite?
True
Is 4831 prime?
True
Is 2231 prime?
False
Is 5921 prime?
False
Is 517 a composite number?
True
Is 98507 composite?
False
Is 5324563 composite?
False
Is 9019 a prime number?
False
Is 202837 a prime number?
False
Is 54389 prime?
False
Is 409 composite?
False
Is 22054 a composite number?
True
Is 60179 a composite number?
True
Is 3589 a prime number?
False
Is 8263 prime?
True
Is 23117 prime?
True
Is 251597 a prime number?
False
Is 283783 a prime number?
False
Is 10909 a prime number?
True
Is 390407 a composite number?
False
Is 401441 a prime number?
False
Is 78203 prime?
True
Is 279469 a prime number?
False
Is 344609 a composite number?
True
Is 16637 a prime number?
False
Is 21767 a composite number?
False
Is 8467 composite?
False
Is 192497 composite?
False
Is 31385 a prime number?
False
Is 19181 composite?
False
Is 7979 a composite number?
True
Is 42115 prime?
False
Is 339277 prime?
False
Is 324391 composite?
False
Is 2543 prime?
True
Is 19621 prime?
False
Is 978295 a composite number?
True
Is 14914 a composite number?
True
Is 101271 a prime number?
False
Is 846419 a prime number?
False
Is 4007 composite?
False
Is 18041 a prime number?
True
Is 153727 a prime number?
False
Is 682235 a prime number?
False
Is 6101 composite?
False
Is 288527 prime?
True
Is 8279 a composite number?
True
Is 3453 a composite number?
True
Is 78655 a composite number?
True
Is 11611 a composite number?
True
Is 15499 a prime number?
False
Is 76597 a prime number?
True
Is 907 a composite number?
False
Is 90067 prime?
True
Is 3437 a composite number?
True
Is 6599 a composite number?
False
Is 26626 a composite number?
True
Is 135515 composite?
True
Is 84773 prime?
False
Is 142943 composite?
True
Is 946535 composite?
True
Is 53029 a prime number?
False
Is 487133 prime?
True
Is 72589 composite?
True
Is 72305 a composite number?
True
Is 3271 composite?
False
Is 14647 prime?
False
Is 15187 a prime number?
True
Is 11647 composite?
True
Is 24637 composite?
True
Is 101939 composite?
False
Is 447173 prime?
True
Is 767782 a composite number?
True
Is 69 a composite number?
True
Is 17859 prime?
False
Is 61001 composite?
False
Is 456362 prime?
False
Is 44053 a prime number?
True
Is 8321 a composite number?
True
Is 382303 prime?
True
Is 102137 prime?
False
Is 268751 a prime number?
False
Is 2248723 composite?
False
Is 26531 a prime number?
False
Is 61211 composite?
False
Is 8329 prime?
True
Is 1656437 a prime number?
False
Is 50637 composite?
True
Is 860253 prime?
False
Is 1680643 prime?
True
Is 4741 prime?
False
Is 2831 a prime number?
False
Is 559747 a composite number?
False
Is 35617 a composite number?
False
Is 212827 a composite number?
False
Is 98251 prime?
True
Is 234137 composite?
True
Is 27901 composite?
False
Is 1373 a composite number?
False
Is 13267 a composite number?
False
Is 518653 a prime number?
False
Is 563237 a composite number?
True
Is 38987 a prime number?
False
Is 403 a composite number?
True
Is 1915721 a composite number?
False
Is 27329 composite?
False
Is 21531 a prime number?
False
Is 37841 prime?
False
Is 7717 prime?
True
Is 254953 a composite number?
True
Is 859 composite?
False
Is 5261 a prime number?
True
Is 8779 a composite number?
False
Is 16143 composite?
True
Is 47933 prime?
True
Is 77533 composite?
True
Is 22141 a composite number?
True
Is 11531 prime?
False
Is 9155 a prime number?
False
Is 5977 composite?
True
Is 18119 prime?
True
Is 11819 a prime number?
False
Is 3389 a composite number?
False
Is 31303 a prime number?
False
Is 245507 a composite number?
True
Is 99317 a composite number?
False
Is 1325741 a prime number?
False
Is 13669 prime?
True
Is 379699 a prime number?
True
Is 53569 a composite number?
False
Is 50113 composite?
True
Is 17165 prime?
False
Is 63001 a prime number?
False
Is 39323 a composite number?
False
Is 196733 a prime number?
False
Is 68261 a composite number?
False
Is 454 a prime number?
False
Is 32687 a composite number?
False
Is 11015 a composite number?
True
Is 3265 a prime number?
False
Is 20065 a prime number?
False
Is 4771 prime?
False
Is 14251 a prime number?
True
Is 1197991 a prime number?
False
Is 31469 a prime number?
True
Is 18167 composite?
True
Is 159647 a composite number?
True
Is 3147421 a composite number?
False
Is 3306163 prime?
False
Is 87077 composite?
True
Is 189509 a composite number?
False
Is 1419259 a composite number?
True
Is 432689 prime?
False
Is 39799 prime?
True
Is 23249 composite?
True
Is 448993 a prime number?
True
Is 685889 composite?
True
Is 30631 composite?
False
Is 2671 prime?
True
Is 7 a prime number?
True
Is 92749 prime?
False
Is 43391 a composite number?
False
Is 928685 prime?
False
Is 40121 prime?
False
Is 79757 a composite number?
False
Is 322807 a prime number?
True
Is 3547109 a prime number?
True
Is 1238 a prime number?
False
Is 12185 prime?
False
Is 547535 prime?
False
Is 293311 prime?
True
Is 22469 prime?
True
Is 986981 a composite number?
False
Is 3758651 a prime number?
False
Is 580373 composite?
False
Is 6079 a composite number?
False
Is 503 composite?
False
Is 42451 a composite number?
False
Is 2177 prime?
False
Is 7001 a composite number?
False
Is 438911 a composite number?
True
Is 250877 a composite number?
True
Is 1973 composite?
False
Is 1045799 a prime number?
True
Is 12583 a composite number?
False
Is 11405 prime?
False
Is 53023 a prime number?
False
Is 2039 a prime number?
True
Is 22179 a prime number?
False
Is 211 composite?
False
Is 325319 prime?
True
Is 673957 a composite number?
True
Is 140147 a composite number?
True
Is 3419 a prime number?
False
Is 29083 a composite number?
True
Is 808213 composite?
True
Is 403285 prime?
False
Is 312917 a prime number?
False
Is 35911 prime?
True
Is 37781 composite?
False
Is 96697 a composite number?
False
Is 425533 a composite number?
False
Is 19414661 prime?
False
Is 107923 a composite number?
False
Is 17035 composite?
True
Is 26489 a composite number?
False
Is 1426669 composite?
False
Is 58727 prime?
True
Is 184753 a prime number?
True
Is 478801 prime?
True
Is 19945 prime?
False
Is 25003 composite?
True
Is 242623 composite?
True
Is 2382517 a composite number?
True
Is 153727 a prime number?
False
Is 258623 a prime number?
True
Is 7597 composite?
True
Is 307805 a prime number?
False
Is 11969 a composite number?
False
Is 132157 prime?
True
Is 4055983 a composite number?
False
Is 234579 a composite number?
True
Is 1960293 a prime number?
False
Is 439541 a prime number?
True
Is 25813 a prime number?
False
Is 412793 a prime number?
True
Is 10033 prime?
False
Is 22853 a composite number?
False
Is 5779 a composite number?
False
Is 70241 a prime number?
True
Is 209123 prime?
True
Is 117101 a composite number?
False
Is 40691 a composite number?
True
Is 323497 prime?
False
Is 54231 composite?
True
Is 13198 a prime number?
False
Is 2489 a prime number?
False
Is 124295 a prime number?
False
Is 11519 prime?
True
Is 907 a prime number?
True
Is 39719 prime?
True
Is 22207 prime?
False
Is 41039 prime?
True
Is 76271 composite?
True
Is 348413 prime?
False
Is 260773 a prime number?
True
Is 35393 a prime number?
True
Is 27581 prime?
True
Is 86239 composite?
False
Is 237227 prime?
False
Is 19921 a composite number?
True
Is 8623 composite?
False
Is 229987 prime?
False
Is 24842 a composite number?
True
Is 175573 a composite number?
False
Is 49519 a prime number?
False
Is 256583 prime?
False
Is 3079 composite?
False
Is 130901 composite?
True
Is 99079 composite?
False
Is 18219 a composite number?
True
Is 50753 prime?
True
Is 2939 a prime number?
True
Is 69737 prime?
True
Is 627191 a prime number?
True
Is 388601 prime?
False
Is 46853 a composite number?
False
Is 486601